(b) = -13*b**2 + 7*b - 5. Let f(i) = -7*i**2 + 4*i - 3. Let z(s) = -6*a(s) + 11*f(s). Determine z(d).
5
Let t(l) = l**2 + 65499 - 65477 + l**3 - 10*l**2 + 4*l. Calculate t(7).
-48
Let k = 5440 - 5451. Let i(n) be the first derivative of n**2/2 + 2*n + 5. Calculate i(k).
-9
Suppose 6 = 33*o - 31*o. Let l = 0 + o. Let j(f) = -5 + 1 + 3*f + 5 + 0 + f**l + 2*f**2. Give j(-2).
-5
Let s(k) = 165*k + 77 + 81 + 78 - 106 - 169*k. Determine s(33).
-2
Let x(z) = -3*z**3 + 22*z**2 + 10*z + 32. Let t be x(8). Let c(a) = a**3 + 16*a**2 + 2*a + 17. Determine c(t).
-15
Let g(i) = 83*i - 70. Let u(s) = -38*s + 32. Let v(p) = -5*g(p) - 11*u(p). Let d(c) = c**3 - 7*c**2 + 7*c - 4. Let l be d(6). Give v(l).
4
Let l(k) = -k**2 - 3*k + 3. Let t(m) = 4*m**2 + 9*m - 10. Let v(i) = 7*l(i) + 2*t(i). Let n be (-6)/(-8) + (-10)/(-8). Suppose n*c = 7*c - 15. What is v(c)?
1
Let i = 884 - 887. Let c(b) = b**3 + 3*b**2 + 2*b - 4. Let m(g) = 5*g + g - 3*g + g**3 - 5 + 46*g**2 - 43*g**2. Let t(a) = -4*c(a) + 3*m(a). Calculate t(i).
-2
Let c(u) = -26*u + 1609. Let a(r) = -9*r + 513. Let x(n) = -7*a(n) + 2*c(n). Calculate x(34).
1
Let s(o) = -38*o**3 - 77*o**2 - 58*o + 40. Let n(g) = -11*g**3 - 25*g**2 - 19*g + 13. Let v(y) = 7*n(y) - 2*s(y). Determine v(-20).
-49
Suppose -170*d = -84*d - 74*d - 348. Let b(g) = -g**3 + 30*g**2 - 30*g + 32. Give b(d).
3
Let f(c) = -4*c**3 + 91*c**2 - c - 14. Let a(p) = -p**3 + 21*p**2 - 4. Let l(v) = 9*a(v) - 2*f(v). Calculate l(5).
52
Let x(v) = 2*v**2 - 4*v - 69. Suppose 64*p - 1001 = -59*p - 20*p. Give x(p).
1
Let v(l) be the second derivative of -72*l + 0 + 7/12*l**4 - 2/3*l**3 - 1/20*l**5 - 8*l**2. Give v(6).
-4
Let m(l) = 8*l**3 + l**2 + l - 1. Let y be (-22)/(-55) - (-306)/10. Suppose 0 = -2*p + y - 27. Suppose 9*f = 7 + p. Determine m(f).
9
Let b be 27/(-9)*(-5)/3. Suppose 8*i - b*i = -18. Let l(c) = -2*c**2 + 2*c + 2. Let z(t) = -3*t**2 + 3. Let h(x) = -4*l(x) + 3*z(x). Determine h(i).
13
Let x(o) = -163*o + 92. Let r(d) = 93*d - 48. Let p(c) = 7*r(c) + 4*x(c). Give p(-22).
54
Let t(h) be the second derivative of -h**5/60 + 7*h**4/24 - 7*h**3/6 - 12*h**2 + 43*h. Let r(u) be the first derivative of t(u). Give r(5).
3
Let p(q) be the second derivative of -q**3/3 + 3*q**2/2 + 41*q + 4. What is p(-2)?
7
Let n = 3 + -7. Let m(r) be the first derivative of -7*r - 1/2*r**2 + 45. Give m(n).
-3
Let z(q) = -q**3 - 3*q**2 + 4*q - 15. Let l = -34046 - -34039. Calculate z(l).
153
Let v(u) = u**3 - 6*u**2 + 8*u - 7. Let y(p) = p**2 + 30*p + 19. Let h be y(-30). Suppose h*d = 53 + 61. What is v(d)?
41
Let t(s) = s**3 - 6*s**2 + s - 4. Suppose -17 = -3*k + 4*r, 7*r - 11*r - 15 = -5*k. Let z(u) = -10*u - 5. Let i be z(k). Calculate t(i).
-24
Let d(j) = 38*j**2 + 3*j - 6. Let l(i) = -109*i**2 - 9*i + 16. Let c(p) = -17*d(p) - 6*l(p). Determine c(-3).
69
Let x(o) be the second derivative of -3/4*o**4 + 0*o**2 + 0*o**3 - 3*o - 43. Let i(r) = -r + 6. Let t be i(5). What is x(t)?
-9
Suppose -3*v - 6 = -6*v. Let o(b) = 690*b**3 + 0*b + 0*b - 3*b**2 + v*b - 691*b**3 + 1 - b. Let c = 1 + -4. What is o(c)?
-2
Let a(q) be the first derivative of 3*q**2/2 + 45*q + 2392. Calculate a(-13).
6
Suppose 20 = 6*x + 20. Let r be (-6)/(-6)*(-4 + (1 - x)). Let k(s) be the first derivative of -s**3/3 - 2*s**2 - 3*s - 66. Determine k(r).
0
Let m(p) = -17*p + 125 - 16*p - 7*p + 3*p**2 + 38*p - 126. Let r = -1 + 3. Determine m(r).
7
Let j(g) = -336*g - 2427. Let y(b) = 34*b + 243. Let v(l) = -2*j(l) - 21*y(l). What is v(-6)?
3
Let t(y) = -6*y**2 - 7*y + 9. Suppose 10*c = -8*c - 90. Let v(p) = -p**2 + 2. Let h(j) = c*v(j) + t(j). Suppose -3*m = -7*m - 12. What is h(m)?
11
Let w(y) be the second derivative of y**4/12 - y**3/3 - y**2/2 + y. Let a be 308/(-8)*2/(-3)*3. Let p be (-11)/(a/(-28))*1. Calculate w(p).
7
Suppose 13*p + 130 = -194 + 220. Let i(g) = g**2 - 2*g - 16. Give i(p).
64
Let p(x) be the first derivative of x**2 + 10*x - 99. Let m(c) = -21*c - 115. Let a be m(-5). Determine p(a).
-10
Let z(j) = -2*j**3 - 32*j**2 + 2*j - 85. Let a(b) = 2*b**2 + 9. Let f(h) = -10*a(h) - z(h). What is f(-6)?
7
Let n = 387298 - 387302. Let t(m) be the first derivative of m**4/12 + 5*m**3/6 - m**2/2 - m - 1. Let l(i) be the first derivative of t(i). What is l(n)?
-5
Let o(c) be the third derivative of 3/2*c**3 - 1/24*c**4 + 0*c - 1/120*c**5 + 0 - 5*c**2. Let p(z) be the first derivative of o(z). Determine p(-8).
7
Let h(g) = 1460*g - 735*g - 732*g + 305 - 106. Give h(29).
-4
Let i(w) be the second derivative of 5*w**2 - 1/24*w**4 + 0 - 1/40*w**6 + 20*w + 1/3*w**3 - 1/15*w**5. Let o(q) be the first derivative of i(q). What is o(-2)?
12
Let r(g) be the second derivative of -g**5/20 - 13*g**4/12 - 2*g**3/3 - 7*g**2 - 392*g - 1. Let k be 2*6/36*(1 - 40). Give r(k).
38
Let k(b) = -b**3 - 11*b**2 + b - 34. Let y be (-2)/(5/(-10)*5) + (-177)/15. Calculate k(y).
-45
Let p(s) = s**2 - s - 1. Let b(t) = -4*t**2 + 9*t + 1. Let g(v) = b(v) + 5*p(v). Let h be (4/(-6))/((-2)/(-12)). Give g(h).
-4
Let c(r) = -150*r + 330*r - 176*r - 22. Determine c(9).
14
Suppose 2*f + 2*f - 10 = -5*v, 0 = -v + f - 7. Let u(c) = 21*c**2 + 3*c + 32*c**2 + 2 + 24*c**2 - 71*c**2. Give u(v).
20
Let o = -22 + 21. Let r(f) = -2*f**3 - 28917 + 3*f - 4*f**2 + 14454 + 3*f**2 - 2*f + 14464. What is r(o)?
1
Suppose 3*p = -2*d - 22, 3*d - 89 = 4*p - 71. Let b(l) = 10*l + 4. Let i(w) = 5*w + 2. Let k(s) = 3*b(s) - 5*i(s). Determine k(d).
-8
Let s(z) = 14*z + 5. Let c(y) be the first derivative of 7*y**2/2 + 3*y + 22. Let m(f) = -7*c(f) + 4*s(f). What is m(-2)?
-15
Suppose -11*q = -6*q - 5. Let i(d) = q + 10*d + 9*d - 20*d. Let l(z) = 2*z - 8. Let b be l(8). Calculate i(b).
-7
Let q(o) be the third derivative of -13*o**4/24 - 41*o**3/6 + 676*o**2. What is q(-3)?
-2
Suppose 263*l - 280*l = 153. Let h(q) be the third derivative of -q**4/24 - 8*q**3/3 - 12*q**2. Give h(l).
-7
Suppose 5*o + 14 + 21 = 5*t, t = -2*o + 4. Let u(x) = -4*x**2 - 8*x + 2. Give u(o).
6
Let w(s) = -s**3 + 5*s**2 + 7*s + 4. Suppose -3*t = 3*o - 3, 3 = t - 3*o - 2. Suppose 0 = -t*g - 10, 3*d + 4*g - 3*g - 13 = 0. Determine w(d).
10
Let v = -221 + 222. Let u(q) = -q + v + 0*q - 203*q**2 + 211*q**2. Give u(1).
8
Suppose 0 = 4*q - 0*q - 68. Let j(a) = -q - 17 + 0 + 2*a. Let k be j(15). Let s(g) = -g - 1. Determine s(k).
3
Let h(j) be the third derivative of 0*j + 0 - 1/120*j**5 + 1/8*j**4 - 2*j**3 + 12*j**2. Let o(m) be the first derivative of h(m). Calculate o(6).
-3
Let j(o) = -o. Let m(d) = d**3 + 2*d**2 - 31*d - 19. Let z be m(5). What is j(z)?
-1
Suppose 195*g - 197*g - 15 = o, -3*o + 2*g - 13 = 0. Let i(d) = d**2 + 11*d + 25. Calculate i(o).
-3
Let d(x) = -11 + 6 + 994*x - 990*x + 2. Suppose 2*q = 4*q - 10. Suppose 0*c - c = -q. Calculate d(c).
17
Let k(d) be the third derivative of -d**5/60 - 5*d**4/24 - 2*d**3/3 - 7*d**2 - 140*d. Give k(-3).
2
Let k(x) = -x**3 + 3*x**2 + 3*x - 3. Suppose 0 = 3*s + 4*s - 14. Let q be ((0 + s)/2 + -3)*-9. Suppose -7*u + 3 + q = 0. Determine k(u).
6
Let a(t) be the first derivative of 1/4*t**4 + 6*t - 35 + 19/3*t**3 + 9*t**2. Calculate a(-18).
6
Let k(u) = -u**2 - 26*u - 135. Let t = 22700 + -22720. Determine k(t).
-15
Let r be 1/(3/(-18)) - 204. Let w = r + 206. Let t(z) = z**3 + 5*z**2 + 5*z - 1. Calculate t(w).
-5
Let z(w) = -2*w + 30. Suppose -155*o - 748 = -199*o. What is z(o)?
-4
Let m(w) = -7*w + 126. Let c = -1506 - -1525. Calculate m(c).
-7
Suppose -21 = -3*x - w, 4*x = 27*w - 31*w + 12. Let m(b) = -4*b + 7. Determine m(x).
-29
Suppose 2*j = 4*j - 10. Let z(q) = -56 + 27 + 7*q - j*q**2 + 31. Let c(n) = -4*n**2 + 6*n + 3. Let v(b) = -4*c(b) + 3*z(b). What is v(6)?
12
Let w(l) be the first derivative of l**3/3 - 8*l**2 - 162*l + 9368. Give w(-7).
-1
Suppose -t - 4*t - 25 = 0. Let l(b) be the first derivative of -378 - 3*b**2 + 283*b - 568*b + 287*b. Give l(t).
32
Let w(g) = -2*g - 53. Let m(z) = -6*z - 178. Let b(f) = -2*m(f) + 7*w(f). Calculate b(-13).
11
Let x(z) = -317 + 67 + 134 + 131 + 12*z. Give x(-2).
-9
Let k = 19 + -1. Suppose 9 = -n + k. Let t(v) be the second derivative of -v**3/6 + 9*v**2/2 + 48*v + 2. Calculate t(n).
0
Let q(n) be the third derivative of n**7/5040 - 37*n**5/10 - 125*n**2. Let u(t) be the third derivative of q(t). Determine u(1).
1
Let i(r) = -r**3 + 7*r**2 - 5*r - 7. Let x be (-34)/2*(2 